 4*t**3/3 + t**2 + t + 3. Suppose 6*d - 7 = 2*d - i, 5*d - 12 = 2*i. Calculate b(d).
-3
Let o(n) = n**2 - 7*n - 4. Suppose j + 4 = -0*j, -2*x = 2*j. Give o(x).
-16
Suppose -b + 5 = 4*b. Let w(k) = 3*k**3 - 2*k**2 - 5*k - 2. Let n(m) = m**2 + m + 1. Let u(g) = b*w(g) + 3*n(g). Determine u(1).
3
Let v(g) = g**2. Let m = 11 - 12. Give v(m).
1
Let w = -3 + 5. Let u(m) = m**3 + 6*m**2 - 8*m - 5. Let t be u(-7). Let h(q) = q**t + 2*q - 4*q + q - q. Calculate h(w).
0
Suppose 4*l = 3*u + 6*l - 5, -u = l. Let a(h) be the first derivative of -h**4/4 + 4*h**3/3 + 2*h**2 - 2*h - 2. What is a(u)?
-7
Let i(m) = -m**3 + 5*m**2 + 7*m + 2. Let o be ((-8)/(-8))/((-1)/2). Let h(v) = -v**3 + 5*v**2 + 8*v + 3. Let k(z) = o*h(z) + 3*i(z). Determine k(6).
-6
Let u = -863/6 - -144. Let x(m) be the second derivative of m - u*m**3 + 0 + 0*m**2. Determine x(5).
-5
Let w(m) = -48 - 4*m + 47 + m. Let n(d) = -3*d**2 + d + 1. Let b be n(-1). Determine w(b).
8
Let k(m) = -m - 28 + 33 + 0*m. Determine k(4).
1
Let o(g) be the second derivative of -g**6/360 + g**5/30 - g**4/12 + 3*g. Let l(c) be the third derivative of o(c). Determine l(3).
-2
Let d(w) = -28*w + 27*w + 1 + 6. Let z be (-4)/(-18) + 4/(-18). Determine d(z).
7
Suppose h - 4 = -2. Let m(q) = 0*q**2 + 2*q + q - q**h - 2. Determine m(2).
0
Let i(a) = 6*a**3 - 2*a**2 - a - 2. Let g(v) = 5*v**3 - v**2 - v - 1. Let j(y) = -4*g(y) + 3*i(y). Suppose 0 = -q + 3*x - 14, -4*x = -2 - 14. Calculate j(q).
4
Suppose -n + 15 = 2*n. Suppose n*s - 1 = -m + 14, 5*m + 5 = -5*s. Let a(g) = -g**2 - 4*g + 4. Give a(m).
-1
Let g(r) = 7*r - 8*r - 5*r + 3*r. Calculate g(-4).
12
Suppose 3*a - 12 = h - 0*a, 3*a - 3 = 4*h. Let f(t) be the first derivative of -t**4/4 + t**3 - t**2 + 2. Calculate f(h).
-6
Let o be -3*5/((-45)/12). Suppose 3 + 1 = o*l. Let r(d) = -l + 4*d + 3 - 1. What is r(1)?
5
Let l(d) = -11 + 6*d - 7*d + 0. Give l(-5).
-6
Let z(f) = -f**3 - 4*f**2 - 5*f - 2. Let m = -9 + 6. What is z(m)?
4
Let o(h) = -2*h + 8. Let j = 87 - 77. Calculate o(j).
-12
Let h(t) be the first derivative of -t**2/2 - 4*t - 4. Determine h(-4).
0
Let j(i) = -i + 2*i - 1 + i. Calculate j(5).
9
Suppose -4*v = -7*v + 21. Suppose 6 = -b + v. Let s(r) = 7*r**3 - r. Give s(b).
6
Let h(p) = 2*p - 2*p - p + 12 - 15. Give h(6).
-9
Let u(z) = -z**3 + 5*z**2 + 6*z + 11. Let r be (7 - 0)*(-6)/(-7). Let m(p) = p**3 - 6*p**2 - 7*p - 12. Let l(g) = r*u(g) + 5*m(g). Let a be 1/2*-1*0. Give l(a).
6
Let x(i) = i. Let t(r) = -r + 19. Let z be t(15). Suppose z*m + v - 28 = 3*v, 3*m - 3*v = 27. Give x(m).
5
Let i(c) = 2*c + 10. Let z be i(-5). Let n(u) be the second derivative of u**3/6 + 2*u**2 - 2*u. Give n(z).
4
Let m be 1 - (-2)/4*2. Let i = m - -4. Let s(h) = h**3 - 6*h**2 - 2*h + 9. Calculate s(i).
-3
Let i be 26/(-72)*-6 + (-2)/12. Let m(o) be the second derivative of 1/3*o**3 + 1/2*o**i + 0 - 1/12*o**4 + 2*o. Give m(2).
1
Let h(g) = -4*g**2 - 9*g - 3. Let u(x) = -2*x**2 - 5*x - 2. Let k(l) = 3*h(l) - 5*u(l). Determine k(1).
-3
Let i(p) = -p**3 + 7*p**2 + 11*p - 6. Let l be i(8). Let w = l + -18. Let x(y) = -y**2 + y + 11. Calculate x(w).
11
Let v(x) = x**2 + 4*x - 3. Let q be v(2). Let n(h) = h + 3*h - q - 3*h. Give n(5).
-4
Let s(u) = -2*u**3 + u**2 - 1. Let c(o) = 2*o**2 + 3*o + 4. Let t be c(-2). Let d(q) = -5*q. Let m be d(1). Let k = m + t. Calculate s(k).
-2
Suppose 0*c = c - 3. Let h(j) = -j - c + j**3 - 2*j**3 + 3*j**2 + j + 2*j. Let g = 4 - 2. Determine h(g).
5
Let r be 4/8 + 3/2. Suppose r*u + 1 = 15. Let y(w) = 3*w + 2. Let l(z) = -10*z - 6. Let j(n) = u*y(n) + 2*l(n). What is j(-4)?
-2
Let v(g) = -14*g**3 - 32*g**2 + 11. Suppose -3*o - 45 = 6. Let q(d) = 5*d**3 + 11*d**2 - 4. Let s(k) = o*q(k) - 6*v(k). Determine s(5).
2
Let d(s) = -s - 5. Let m be (-56)/(-10) + 4/10. Let v(x) = 1. Let c(o) = -3*o - 11. Let a(h) = -c(h) + 3*v(h). Let q(u) = m*a(u) + 17*d(u). Give q(4).
3
Let x(t) be the third derivative of 1/6*t**4 - 2*t**2 + 1/6*t**3 + 0 + 0*t. What is x(-1)?
-3
Let a(s) be the first derivative of s**3/3 - 3*s**2 - 4*s + 5. What is a(6)?
-4
Let g(t) be the first derivative of t**3/3 - t**2/2 - 2*t + 17. Calculate g(3).
4
Let f(u) = 19*u**2 + 1. Let y be f(1). Suppose 4*k - 2*x = 4, -x + 6*x = y. Let c(q) = 4 - k + 3 + 2*q - 2. Determine c(2).
6
Let h(p) = 5*p**2 + 2*p + 1. Let u(t) = t. Let g(v) = -h(v) + u(v). Determine g(-1).
-5
Let z(r) = 2*r. Let m be z(2). Suppose h + 5 = m. Let v(w) be the first derivative of 2*w**3 + w - 17. Determine v(h).
7
Let g(z) be the first derivative of -z**3/3 + 3*z**2/2 - 5*z - 4. What is g(4)?
-9
Let i(q) be the second derivative of -q**2 - 4*q + 0 + 1/2*q**3. Give i(2).
4
Let r(q) = 2*q - 2. Let o(t) = t - 1. Let s be o(3). Let x be r(s). Let p(n) = -n**3 + 3*n**3 + 5*n - 3*n**2 - 4*n - 1. Calculate p(x).
5
Let r be (-4)/(-5)*(-65)/(-26). Suppose 10 = -2*a + 2*m, -4*a = 4*m + r - 22. Let i(o) = -o**3 - o**2 - o + 7. Calculate i(a).
7
Let j be (-1)/((-1)/1) - -7. Let z be j/6 + 1/(-3). Let i = 3 + z. Let v(u) = u**2 - 5*u + 4. Calculate v(i).
0
Let x(d) = -6*d - 1. Let y(u) = 9*u + 2. Let s(f) = -7*x(f) - 5*y(f). Give s(3).
-12
Let d(c) = c + 6. Let m be -1 - 1 - -6 - -1. Determine d(m).
11
Let u(j) be the first derivative of -j**3/3 - 2*j**2 + 3*j - 12. Calculate u(-7).
-18
Let d(f) = f**2 - 2*f + 3. Let o be (-2 - -4)/(2/(-2)). Suppose 4*u = 4 - 24. Let v = o - u. Determine d(v).
6
Let f(w) = -w**2 + 4*w + 2. Let i be f(4). Let n(j) = i - 2*j - 3*j + 2*j + 4*j. Let m(a) = -a**2 + a - 4. Let u be m(0). Calculate n(u).
-2
Let a(o) = -o**3 - 3*o**2 + 2*o - 3. Let p be a(-3). Let s(u) = u + 9. Determine s(p).
0
Let q(w) = w**3 - 4*w**2 + 11*w - 5. Let a(z) = 3*z**3 - 13*z**2 + 32*z - 16. Let r(t) = -3*a(t) + 8*q(t). What is r(6)?
-4
Suppose -5*y - 5*m + 25 = 0, -4*m = -4*y + m + 2. Let b(g) be the second derivative of -3*g**2 + 0 + 4*g - 1/2*g**y. Give b(-4).
6
Suppose -x - 4*x + 6 = 2*q, -5*q + 15 = -3*x. Let r = q + -1. Let f be -1 + 0 - (r - 0). Let n(s) = -s**3 - 5*s**2 - 3*s + 2. Determine n(f).
-7
Let t(l) be the first derivative of 3*l**2/2 - 8*l - 9. Give t(6).
10
Let l = -4 - -8. Suppose c - l = -c. Let p(y) = 3*y + c*y - 5*y - 2*y. Determine p(4).
-8
Let b be (-9 - -3)*(-3)/6. Suppose 0 = -5*c - b*j + 21 - 4, 5*j = -c - 1. Let w(f) = 2*f - 1. Determine w(c).
7
Let v(l) = 2*l + 4. Let q(a) = a + 2. Let h(m) = 5*q(m) - 2*v(m). Give h(-6).
-4
Let w(b) be the third derivative of b**5/60 - 11*b**4/24 - 5*b**3/3 - 4*b**2. Let m be w(12). Let l(p) = -m*p + p + p + p - 2. What is l(3)?
1
Let b(y) = -10 - y + 4*y - 2 - 4*y. Calculate b(-15).
3
Let q(o) = o**3 - 4*o**2 - 6*o + 3. Let k be 3/6*2*5. Give q(k).
-2
Let n be 1/(-2) + 20/8. Let m be n/9 - (-70)/9. Suppose 0 = -q - q + m. Let v(g) = -g + 9. Give v(q).
5
Let r = 7 + -2. Suppose b - r*c - 19 = -0*b, -3*c - 6 = 0. Let l(d) = d**3 - 9*d**2 + d - 8. Let s be l(b). Let h(n) = -12*n + 1. Give h(s).
-11
Let u(z) = z**3 - 2*z**2 - 2. Let t = -20 - -22. Determine u(t).
-2
Let b(m) = -16*m**2 + 12*m + 9. Let v(o) = -5*o**2 + 4*o + 3. Let p(r) = 2*b(r) - 7*v(r). Determine p(-2).
17
Let m(r) = r**3 + 4*r**2 + 4*r - 1. Let h = 166 - 169. Determine m(h).
-4
Let i(k) = k**3 - 5*k**2 - 7*k + 2. Let w(u) = -u**2 - 6*u + 3. Let v be w(-6). Let x = -93 - -97. Suppose -s - z = -4, v*s = x*s + 2*z - 2. Calculate i(s).
-4
Let z(w) = w**2 - 11*w + 14. Let i be z(10). Suppose -4 = -i*v + 3*v. Let d(j) = 3*j - 3. Determine d(v).
9
Let c(v) = v - 4. Let m(u) = -u - 1. Let s(y) = c(y) - m(y). Let b = -3 + 12. Let q = b - 6. Determine s(q).
3
Let n(y) = y**2 - 6*y + 5. Let d = -84 - 4. Let u be d/(-16) + 1/(-2). Suppose -u - 7 = -2*a. What is n(a)?
5
Let q(u) = 11*u**3 - 9*u**2 + 13*u + 15. Let l(j) = 5*j**3 - 4*j**2 + 6*j + 7. Let g(i) = -13*l(i) + 6*q(i). Give g(3).
8
Let k(w) = w**3 + w**2 - 2. Let c(y) = y**3 + 8*y**2 + 0*y**3 + 8*y + 9 + 0*y**3. Let h be c(-7). Let n = h - 2. Give k(n).
-2
Let k(j) = j**2 - 3*j. Suppose 3*c + 2*c = 70. Suppose -5*x = s - c, -2*s + 13 + 1 = 3*x. What is k(s)?
4
Let l(b) = b - 18. Let a be l(23). Let k(z) = z**3 - 7*z**2 + 8*z - 3. Determine k(a).
-13
Let o(c) = c + c - 1 + 0*c + c**2. Let y(k) = k**3 + 2*k**2 - 2*k. Let f be y(-3). Let l be o(f). Let p(g) = g**3 - g**2 - g - 1. Give p(l).
1
Let q(o) = o + 3*o - 5*o - 5. Let i be q(-7). Let c(p) =